{"id":553,"date":"2023-10-09T17:36:32","date_gmt":"2023-10-09T15:36:32","guid":{"rendered":"https:\/\/rondeau-tristan.fr\/?page_id=553"},"modified":"2023-10-09T17:42:19","modified_gmt":"2023-10-09T15:42:19","slug":"cursus","status":"publish","type":"page","link":"https:\/\/rondeau-tristan.fr\/index.php\/cursus\/","title":{"rendered":"Cursus"},"content":{"rendered":"[vc_row type=\u00a0\u00bbin_container\u00a0\u00bb full_screen_row_position=\u00a0\u00bbmiddle\u00a0\u00bb column_margin=\u00a0\u00bbdefault\u00a0\u00bb column_direction=\u00a0\u00bbdefault\u00a0\u00bb column_direction_tablet=\u00a0\u00bbdefault\u00a0\u00bb column_direction_phone=\u00a0\u00bbdefault\u00a0\u00bb scene_position=\u00a0\u00bbcenter\u00a0\u00bb text_color=\u00a0\u00bbdark\u00a0\u00bb text_align=\u00a0\u00bbleft\u00a0\u00bb row_border_radius=\u00a0\u00bbnone\u00a0\u00bb row_border_radius_applies=\u00a0\u00bbbg\u00a0\u00bb overlay_strength=\u00a0\u00bb0.3&Prime; gradient_direction=\u00a0\u00bbleft_to_right\u00a0\u00bb shape_divider_position=\u00a0\u00bbbottom\u00a0\u00bb bg_image_animation=\u00a0\u00bbnone\u00a0\u00bb][vc_column column_padding=\u00a0\u00bbno-extra-padding\u00a0\u00bb column_padding_tablet=\u00a0\u00bbinherit\u00a0\u00bb column_padding_phone=\u00a0\u00bbinherit\u00a0\u00bb column_padding_position=\u00a0\u00bball\u00a0\u00bb background_color_opacity=\u00a0\u00bb1&Prime; background_hover_color_opacity=\u00a0\u00bb1&Prime; column_shadow=\u00a0\u00bbnone\u00a0\u00bb column_border_radius=\u00a0\u00bbnone\u00a0\u00bb column_link_target=\u00a0\u00bb_self\u00a0\u00bb gradient_direction=\u00a0\u00bbleft_to_right\u00a0\u00bb overlay_strength=\u00a0\u00bb0.3&Prime; width=\u00a0\u00bb1\/1&Prime; tablet_width_inherit=\u00a0\u00bbdefault\u00a0\u00bb tablet_text_alignment=\u00a0\u00bbdefault\u00a0\u00bb phone_text_alignment=\u00a0\u00bbdefault\u00a0\u00bb column_border_width=\u00a0\u00bbnone\u00a0\u00bb column_border_style=\u00a0\u00bbsolid\u00a0\u00bb bg_image_animation=\u00a0\u00bbnone\u00a0\u00bb][split_line_heading animation_type=\u00a0\u00bbdefault\u00a0\u00bb]\n<h2 style=\"color: #1e83ec;\"><span style=\"color: #1e73be;\">Mon Cursus\u00a0<\/span><\/h2>\n[\/split_line_heading][divider line_type=\u00a0\u00bbFull Width Line\u00a0\u00bb line_thickness=\u00a0\u00bb1&Prime; divider_color=\u00a0\u00bbaccent-color\u00a0\u00bb][\/vc_column][\/vc_row][vc_row type=\u00a0\u00bbin_container\u00a0\u00bb full_screen_row_position=\u00a0\u00bbmiddle\u00a0\u00bb column_margin=\u00a0\u00bbdefault\u00a0\u00bb column_direction=\u00a0\u00bbdefault\u00a0\u00bb column_direction_tablet=\u00a0\u00bbdefault\u00a0\u00bb column_direction_phone=\u00a0\u00bbdefault\u00a0\u00bb scene_position=\u00a0\u00bbcenter\u00a0\u00bb text_color=\u00a0\u00bbdark\u00a0\u00bb text_align=\u00a0\u00bbleft\u00a0\u00bb row_border_radius=\u00a0\u00bbnone\u00a0\u00bb row_border_radius_applies=\u00a0\u00bbbg\u00a0\u00bb overlay_strength=\u00a0\u00bb0.3&Prime; gradient_direction=\u00a0\u00bbleft_to_right\u00a0\u00bb shape_divider_position=\u00a0\u00bbbottom\u00a0\u00bb bg_image_animation=\u00a0\u00bbnone\u00a0\u00bb][vc_column column_padding=\u00a0\u00bbno-extra-padding\u00a0\u00bb column_padding_tablet=\u00a0\u00bbinherit\u00a0\u00bb column_padding_phone=\u00a0\u00bbinherit\u00a0\u00bb column_padding_position=\u00a0\u00bball\u00a0\u00bb background_color_opacity=\u00a0\u00bb1&Prime; background_hover_color_opacity=\u00a0\u00bb1&Prime; column_shadow=\u00a0\u00bbnone\u00a0\u00bb column_border_radius=\u00a0\u00bbnone\u00a0\u00bb column_link_target=\u00a0\u00bb_self\u00a0\u00bb gradient_direction=\u00a0\u00bbleft_to_right\u00a0\u00bb overlay_strength=\u00a0\u00bb0.3&Prime; width=\u00a0\u00bb1\/1&Prime; tablet_width_inherit=\u00a0\u00bbdefault\u00a0\u00bb tablet_text_alignment=\u00a0\u00bbdefault\u00a0\u00bb phone_text_alignment=\u00a0\u00bbdefault\u00a0\u00bb column_border_width=\u00a0\u00bbnone\u00a0\u00bb column_border_style=\u00a0\u00bbsolid\u00a0\u00bb bg_image_animation=\u00a0\u00bbnone\u00a0\u00bb]\t\t\t<!-- Cool Timeline Free V3.3.0 -->\n\t\t\t<div class=\"ctl-wrapper\" role=\"region\" aria-label=\"Timeline\">\n\t\t\t\t<div class=\"ctl-before-content\"><div class=\"timeline-main-title\"><h2>Scolarit\u00e9<\/h2><\/div><\/div>\t\t\t\t<div id=\"cool_timeline_1\" class=\"cool-timeline-wrapper ctl-both-sided ctl-vertical-wrapper ctl-compact-wrapper ctl-clean-skin\" >\n\t\t\t\t\t<div class=\"ctl-start\"><\/div>\n\t\t\t\t\t<!-- Timeline Container -->\n\t\t\t\t\t<div class=\"ctl-timeline ctl-timeline-container\" data-animation=\"fadeInUp\">\n\t\t\t\t\t\t<!-- Center Line -->\n\t\t\t\t\t\t<div class=\"ctl-inner-line\" role=\"presentation\"><\/div>\n\t\t\t\t\t\t\t\t\t\t\t\t<!-- Timeline Content --><div  id=\"ctl-story-619\" class=\"ctl-story ctl-story-dot-icon odd ctl-story-right\" data-aos=\"fadeInUp\"   data-story-index=\"1\" role=\"article\"><!-- Story IconDot --><div class=\"ctl-icondot\"><\/div> <!-- Story Arrow --><div class=\"ctl-arrow\"><\/div><!-- Story Content --><div class=\"ctl-content\"><!-- Story Title --><div class=\"ctl-title story-619\" aria-label=\"2\"><a target=\"_self\" title=\"Ecole de Technologie Sup\u00e9rieure Montr\u00e9al\" href=\"https:\/\/rondeau-tristan.fr\/index.php\/cool_timeline\/ecole-de-technologie-superieure-montreal\/\" class=\"story-link\">Ecole de Technologie Sup\u00e9rieure Montr\u00e9al<\/a><\/div><!-- Story Date --><div class=\"ctl-labels\"><div class=\"ctl-label-big story-date\">2025<\/div><\/div><!-- Story Description --><div class=\"ctl-description\"><p>Double Dipl\u00f4me, Master en Energies Renouvelables et Efficacit\u00e9 Energ\u00e9tique : D\u00e9velopper un profil interdisciplinaire combinant \u00e9nergies renouvelables, finance et politiques publiques, avec une solide expertise en financement de projets, gouvernance environnementale et \u00e9conomie de la transition \u00e9nerg\u00e9tique.<\/p>\n<\/div><\/div><\/div><!-- Timeline Content --><div  id=\"ctl-story-608\" class=\"ctl-story ctl-story-dot-icon even ctl-story-left\" data-aos=\"fadeInUp\"   data-story-index=\"2\" role=\"article\"><!-- Story IconDot --><div class=\"ctl-icondot\"><\/div> <!-- Story Arrow --><div class=\"ctl-arrow\"><\/div><!-- Story Content --><div class=\"ctl-content\"><!-- Story Title --><div class=\"ctl-title story-608\" aria-label=\"2\"><a target=\"_self\" title=\"Syracuse Univeristy\" href=\"https:\/\/rondeau-tristan.fr\/index.php\/cool_timeline\/syracuse-univeristy\/\" class=\"story-link\">Syracuse Univeristy<\/a><\/div><!-- Story Date --><div class=\"ctl-labels\"><div class=\"ctl-label-big story-date\">2024<\/div><\/div><!-- Story Description --><div class=\"ctl-description\"><p>Semestre d&rsquo;\u00e9change aux Etats-Unis : Energy Markets and Regulations, Air Ressources, Urban Stormwater Management, HVAC Systems, Energy Conversion. Activities: Volleyball club team player, Event Production Assistant for JMA Wireless Dome.<\/p>\n<\/div><\/div><\/div><!-- Timeline Content --><div  id=\"ctl-story-566\" class=\"ctl-story ctl-story-dot-icon odd ctl-story-right\" data-aos=\"fadeInUp\"   data-story-index=\"3\" role=\"article\"><!-- Story IconDot --><div class=\"ctl-icondot\"><\/div> <!-- Story Arrow --><div class=\"ctl-arrow\"><\/div><!-- Story Content --><div class=\"ctl-content\"><!-- Story Title --><div class=\"ctl-title story-566\" aria-label=\"2\"><a target=\"_self\" title=\"INSA Strasbourg\" href=\"https:\/\/rondeau-tristan.fr\/index.php\/cool_timeline\/insa-strasbourg\/\" class=\"story-link\">INSA Strasbourg<\/a><\/div><!-- Story Date --><div class=\"ctl-labels\"><div class=\"ctl-label-big story-date\">2023<\/div><\/div><!-- Story Description --><div class=\"ctl-description\"><p>Etudiant en G\u00e9nie Thermique Energ\u00e9tique et Environnement. Fondamentaux techniques : Transfert de chaleur, thermique, conversion d\u2019\u00e9nergie, conception de syst\u00e8mes, efficacit\u00e9 \u00e9nerg\u00e9tique, strat\u00e9gies de r\u00e9duction carbone, Python.<\/p>\n<\/div><\/div><\/div><!-- Timeline Content --><div  id=\"ctl-story-565\" class=\"ctl-story ctl-story-dot-icon even ctl-story-left\" data-aos=\"fadeInUp\"   data-story-index=\"4\" role=\"article\"><!-- Story IconDot --><div class=\"ctl-icondot\"><\/div> <!-- Story Arrow --><div class=\"ctl-arrow\"><\/div><!-- Story Content --><div class=\"ctl-content\"><!-- Story Title --><div class=\"ctl-title story-565\" aria-label=\"2\"><a target=\"_self\" title=\"CPGE PCSI\/PC\" href=\"https:\/\/rondeau-tristan.fr\/index.php\/cool_timeline\/cpge-pcsi-pc\/\" class=\"story-link\">CPGE PCSI\/PC<\/a><\/div><!-- Story Date --><div class=\"ctl-labels\"><div class=\"ctl-label-big story-date\">2021<\/div><\/div><!-- Story Description --><div class=\"ctl-description\"><p>Classe Pr\u00e9paratoire aux Grandes Ecoles PCSI\/PC au Lyc\u00e9e Faidherbe. Fondamentaux th\u00e9oriques : Math\u00e9matiques, physique, chimie, Python. Objectif \/ Positionnement : Acqu\u00e9rir une base scientifique rigoureuse pour poursuivre des \u00e9tudes d\u2019ing\u00e9nierie exigeantes.<\/p>\n<\/div><\/div><\/div><!-- Timeline Content --><div  id=\"ctl-story-564\" class=\"ctl-story ctl-story-dot-icon odd ctl-story-right\" data-aos=\"fadeInUp\"   data-story-index=\"5\" role=\"article\"><!-- Story IconDot --><div class=\"ctl-icondot\"><\/div> <!-- Story Arrow --><div class=\"ctl-arrow\"><\/div><!-- Story Content --><div class=\"ctl-content\"><!-- Story Title --><div class=\"ctl-title story-564\" aria-label=\"2\"><a target=\"_self\" title=\"Baccalaur\u00e9at\" href=\"https:\/\/rondeau-tristan.fr\/index.php\/cool_timeline\/baccalaureat\/\" class=\"story-link\">Baccalaur\u00e9at<\/a><\/div><!-- Story Date --><div class=\"ctl-labels\"><div class=\"ctl-label-big story-date\">2021<\/div><\/div><!-- Story Description --><div class=\"ctl-description\"><p>Mention \u00ab\u00a0Tr\u00e8s Bien avec les f\u00e9licitations du jury\u00a0\u00bb<\/p>\n<\/div><\/div><\/div><!-- Timeline Content --><div  id=\"ctl-story-563\" class=\"ctl-story ctl-story-dot-icon even ctl-story-left\" data-aos=\"fadeInUp\"   data-story-index=\"6\" role=\"article\"><!-- Story IconDot --><div class=\"ctl-icondot\"><\/div> <!-- Story Arrow --><div class=\"ctl-arrow\"><\/div><!-- Story Content --><div class=\"ctl-content\"><!-- Story Title --><div class=\"ctl-title story-563\" aria-label=\"2\"><a target=\"_self\" title=\"Lyc\u00e9e Edouard Branly\" href=\"https:\/\/rondeau-tristan.fr\/index.php\/cool_timeline\/lycee-edouard-branly-3\/\" class=\"story-link\">Lyc\u00e9e Edouard Branly<\/a><\/div><!-- Story Date --><div class=\"ctl-labels\"><div class=\"ctl-label-big story-date\">2020<\/div><\/div><!-- Story Description --><div class=\"ctl-description\"><p>Sp\u00e9cialit\u00e9s Math\u00e9matiques, Physique-Chimie,\u00a0Option Maths Expertes, Sport et Section Europ\u00e9enne, Membre du conseil de vie lyc\u00e9enne et du conseil d&rsquo;administration<\/p>\n<\/div><\/div><\/div><!-- Timeline Content --><div  id=\"ctl-story-562\" class=\"ctl-story ctl-story-dot-icon odd ctl-story-right\" data-aos=\"fadeInUp\"   data-story-index=\"7\" role=\"article\"><!-- Story IconDot --><div class=\"ctl-icondot\"><\/div> <!-- Story Arrow --><div class=\"ctl-arrow\"><\/div><!-- Story Content --><div class=\"ctl-content\"><!-- Story Title --><div class=\"ctl-title story-562\" aria-label=\"2\"><a target=\"_self\" title=\"Lyc\u00e9e Edouard Branly\" href=\"https:\/\/rondeau-tristan.fr\/index.php\/cool_timeline\/lycee-edouard-branly-2\/\" class=\"story-link\">Lyc\u00e9e Edouard Branly<\/a><\/div><!-- Story Date --><div class=\"ctl-labels\"><div class=\"ctl-label-big story-date\">2019<\/div><\/div><!-- Story Description --><div class=\"ctl-description\"><p>Sp\u00e9cialit\u00e9 Math\u00e9matiques, Physique-Chimie, Histoire G\u00e9ographie G\u00e9opolitique Sciences Politiques, Option Sport et Section Europ\u00e9enne,\u00a0Membre du conseil de vie lyc\u00e9enne et du conseil d&rsquo;administration<\/p>\n<\/div><\/div><\/div><!-- Timeline Content --><div  id=\"ctl-story-561\" class=\"ctl-story ctl-story-dot-icon even ctl-story-left\" data-aos=\"fadeInUp\"   data-story-index=\"8\" role=\"article\"><!-- Story IconDot --><div class=\"ctl-icondot\"><\/div> <!-- Story Arrow --><div class=\"ctl-arrow\"><\/div><!-- Story Content --><div class=\"ctl-content\"><!-- Story Title --><div class=\"ctl-title story-561\" aria-label=\"2\"><a target=\"_self\" title=\"Lyc\u00e9e Edouard Branly\" href=\"https:\/\/rondeau-tristan.fr\/index.php\/cool_timeline\/lycee-edouard-branly\/\" class=\"story-link\">Lyc\u00e9e Edouard Branly<\/a><\/div><!-- Story Date --><div class=\"ctl-labels\"><div class=\"ctl-label-big story-date\">2018<\/div><\/div><!-- Story Description --><div class=\"ctl-description\"><p>Option Sport et Section Europ\u00e9enne, Membre du conseil de vie lyc\u00e9enne et du conseil d&rsquo;administration<\/p>\n<\/div><\/div><\/div>\t\t\t\t\t<\/div>\n\t\t\t\t\t<div class=\"ctl-end\"><\/div>\n\t\t\t\t\t\t\t\t\t<\/div>\n\t\t\t<\/div>\n\t\t\t[\/vc_column][\/vc_row]\n","protected":false},"excerpt":{"rendered":"<p>[vc_row type=\u00a0\u00bbin_container\u00a0\u00bb full_screen_row_position=\u00a0\u00bbmiddle\u00a0\u00bb column_margin=\u00a0\u00bbdefault\u00a0\u00bb column_direction=\u00a0\u00bbdefault\u00a0\u00bb column_direction_tablet=\u00a0\u00bbdefault\u00a0\u00bb column_direction_phone=\u00a0\u00bbdefault\u00a0\u00bb scene_position=\u00a0\u00bbcenter\u00a0\u00bb text_color=\u00a0\u00bbdark\u00a0\u00bb text_align=\u00a0\u00bbleft\u00a0\u00bb row_border_radius=\u00a0\u00bbnone\u00a0\u00bb row_border_radius_applies=\u00a0\u00bbbg\u00a0\u00bb overlay_strength=\u00a0\u00bb0.3&Prime; gradient_direction=\u00a0\u00bbleft_to_right\u00a0\u00bb shape_divider_position=\u00a0\u00bbbottom\u00a0\u00bb bg_image_animation=\u00a0\u00bbnone\u00a0\u00bb][vc_column column_padding=\u00a0\u00bbno-extra-padding\u00a0\u00bb column_padding_tablet=\u00a0\u00bbinherit\u00a0\u00bb column_padding_phone=\u00a0\u00bbinherit\u00a0\u00bb column_padding_position=\u00a0\u00bball\u00a0\u00bb background_color_opacity=\u00a0\u00bb1&Prime; background_hover_color_opacity=\u00a0\u00bb1&Prime; column_shadow=\u00a0\u00bbnone\u00a0\u00bb column_border_radius=\u00a0\u00bbnone\u00a0\u00bb column_link_target=\u00a0\u00bb_self\u00a0\u00bb gradient_direction=\u00a0\u00bbleft_to_right\u00a0\u00bb overlay_strength=\u00a0\u00bb0.3&Prime; width=\u00a0\u00bb1\/1&Prime; tablet_width_inherit=\u00a0\u00bbdefault\u00a0\u00bb tablet_text_alignment=\u00a0\u00bbdefault\u00a0\u00bb&#8230;<\/p>\n","protected":false},"author":2,"featured_media":0,"parent":0,"menu_order":0,"comment_status":"closed","ping_status":"closed","template":"","meta":{"footnotes":""},"class_list":["post-553","page","type-page","status-publish"],"yoast_head":"<!-- This site is optimized with the Yoast SEO plugin v27.1.1 - https:\/\/yoast.com\/product\/yoast-seo-wordpress\/ -->\n<title>Cursus - Tristan RONDEAU<\/title>\n<meta name=\"robots\" content=\"index, follow, max-snippet:-1, max-image-preview:large, max-video-preview:-1\" \/>\n<link rel=\"canonical\" href=\"https:\/\/rondeau-tristan.fr\/index.php\/cursus\/\" \/>\n<meta property=\"og:locale\" content=\"fr_FR\" \/>\n<meta property=\"og:type\" content=\"article\" \/>\n<meta property=\"og:title\" content=\"Cursus - Tristan RONDEAU\" \/>\n<meta property=\"og:description\" content=\"[vc_row type=\u00a0\u00bbin_container\u00a0\u00bb full_screen_row_position=\u00a0\u00bbmiddle\u00a0\u00bb column_margin=\u00a0\u00bbdefault\u00a0\u00bb column_direction=\u00a0\u00bbdefault\u00a0\u00bb column_direction_tablet=\u00a0\u00bbdefault\u00a0\u00bb column_direction_phone=\u00a0\u00bbdefault\u00a0\u00bb scene_position=\u00a0\u00bbcenter\u00a0\u00bb text_color=\u00a0\u00bbdark\u00a0\u00bb text_align=\u00a0\u00bbleft\u00a0\u00bb row_border_radius=\u00a0\u00bbnone\u00a0\u00bb row_border_radius_applies=\u00a0\u00bbbg\u00a0\u00bb overlay_strength=\u00a0\u00bb0.3&Prime; gradient_direction=\u00a0\u00bbleft_to_right\u00a0\u00bb shape_divider_position=\u00a0\u00bbbottom\u00a0\u00bb bg_image_animation=\u00a0\u00bbnone\u00a0\u00bb][vc_column column_padding=\u00a0\u00bbno-extra-padding\u00a0\u00bb column_padding_tablet=\u00a0\u00bbinherit\u00a0\u00bb column_padding_phone=\u00a0\u00bbinherit\u00a0\u00bb column_padding_position=\u00a0\u00bball\u00a0\u00bb background_color_opacity=\u00a0\u00bb1&Prime; background_hover_color_opacity=\u00a0\u00bb1&Prime; column_shadow=\u00a0\u00bbnone\u00a0\u00bb column_border_radius=\u00a0\u00bbnone\u00a0\u00bb column_link_target=\u00a0\u00bb_self\u00a0\u00bb gradient_direction=\u00a0\u00bbleft_to_right\u00a0\u00bb overlay_strength=\u00a0\u00bb0.3&Prime; width=\u00a0\u00bb1\/1&Prime; tablet_width_inherit=\u00a0\u00bbdefault\u00a0\u00bb tablet_text_alignment=\u00a0\u00bbdefault\u00a0\u00bb...\" \/>\n<meta property=\"og:url\" content=\"https:\/\/rondeau-tristan.fr\/index.php\/cursus\/\" \/>\n<meta property=\"og:site_name\" content=\"Tristan RONDEAU\" \/>\n<meta property=\"article:modified_time\" content=\"2023-10-09T15:42:19+00:00\" \/>\n<meta name=\"twitter:card\" content=\"summary_large_image\" \/>\n<meta name=\"twitter:label1\" content=\"Dur\u00e9e de lecture estim\u00e9e\" \/>\n\t<meta name=\"twitter:data1\" content=\"1 minute\" \/>\n<script type=\"application\/ld+json\" class=\"yoast-schema-graph\">{\"@context\":\"https:\/\/schema.org\",\"@graph\":[{\"@type\":\"WebPage\",\"@id\":\"https:\/\/rondeau-tristan.fr\/index.php\/cursus\/\",\"url\":\"https:\/\/rondeau-tristan.fr\/index.php\/cursus\/\",\"name\":\"Cursus - Tristan RONDEAU\",\"isPartOf\":{\"@id\":\"https:\/\/rondeau-tristan.fr\/#website\"},\"datePublished\":\"2023-10-09T15:36:32+00:00\",\"dateModified\":\"2023-10-09T15:42:19+00:00\",\"breadcrumb\":{\"@id\":\"https:\/\/rondeau-tristan.fr\/index.php\/cursus\/#breadcrumb\"},\"inLanguage\":\"fr-FR\",\"potentialAction\":[{\"@type\":\"ReadAction\",\"target\":[\"https:\/\/rondeau-tristan.fr\/index.php\/cursus\/\"]}]},{\"@type\":\"BreadcrumbList\",\"@id\":\"https:\/\/rondeau-tristan.fr\/index.php\/cursus\/#breadcrumb\",\"itemListElement\":[{\"@type\":\"ListItem\",\"position\":1,\"name\":\"Accueil\",\"item\":\"https:\/\/rondeau-tristan.fr\/\"},{\"@type\":\"ListItem\",\"position\":2,\"name\":\"Cursus\"}]},{\"@type\":\"WebSite\",\"@id\":\"https:\/\/rondeau-tristan.fr\/#website\",\"url\":\"https:\/\/rondeau-tristan.fr\/\",\"name\":\"Tristan RONDEAU\",\"description\":\"\",\"publisher\":{\"@id\":\"https:\/\/rondeau-tristan.fr\/#organization\"},\"potentialAction\":[{\"@type\":\"SearchAction\",\"target\":{\"@type\":\"EntryPoint\",\"urlTemplate\":\"https:\/\/rondeau-tristan.fr\/?s={search_term_string}\"},\"query-input\":{\"@type\":\"PropertyValueSpecification\",\"valueRequired\":true,\"valueName\":\"search_term_string\"}}],\"inLanguage\":\"fr-FR\"},{\"@type\":\"Organization\",\"@id\":\"https:\/\/rondeau-tristan.fr\/#organization\",\"name\":\"Tristan RONDEAU\",\"url\":\"https:\/\/rondeau-tristan.fr\/\",\"logo\":{\"@type\":\"ImageObject\",\"inLanguage\":\"fr-FR\",\"@id\":\"https:\/\/rondeau-tristan.fr\/#\/schema\/logo\/image\/\",\"url\":\"https:\/\/rondeau-tristan.fr\/wp-content\/uploads\/2021\/01\/tristan-ID2-scaled.jpg\",\"contentUrl\":\"https:\/\/rondeau-tristan.fr\/wp-content\/uploads\/2021\/01\/tristan-ID2-scaled.jpg\",\"width\":1920,\"height\":2560,\"caption\":\"Tristan RONDEAU\"},\"image\":{\"@id\":\"https:\/\/rondeau-tristan.fr\/#\/schema\/logo\/image\/\"},\"sameAs\":[\"https:\/\/www.linkedin.com\/in\/tristan-rondeau-829343182\/\"]}]}<\/script>\n<!-- \/ Yoast SEO plugin. -->","yoast_head_json":{"title":"Cursus - Tristan RONDEAU","robots":{"index":"index","follow":"follow","max-snippet":"max-snippet:-1","max-image-preview":"max-image-preview:large","max-video-preview":"max-video-preview:-1"},"canonical":"https:\/\/rondeau-tristan.fr\/index.php\/cursus\/","og_locale":"fr_FR","og_type":"article","og_title":"Cursus - Tristan RONDEAU","og_description":"[vc_row type=\u00a0\u00bbin_container\u00a0\u00bb full_screen_row_position=\u00a0\u00bbmiddle\u00a0\u00bb column_margin=\u00a0\u00bbdefault\u00a0\u00bb column_direction=\u00a0\u00bbdefault\u00a0\u00bb column_direction_tablet=\u00a0\u00bbdefault\u00a0\u00bb column_direction_phone=\u00a0\u00bbdefault\u00a0\u00bb scene_position=\u00a0\u00bbcenter\u00a0\u00bb text_color=\u00a0\u00bbdark\u00a0\u00bb text_align=\u00a0\u00bbleft\u00a0\u00bb row_border_radius=\u00a0\u00bbnone\u00a0\u00bb row_border_radius_applies=\u00a0\u00bbbg\u00a0\u00bb overlay_strength=\u00a0\u00bb0.3&Prime; gradient_direction=\u00a0\u00bbleft_to_right\u00a0\u00bb shape_divider_position=\u00a0\u00bbbottom\u00a0\u00bb bg_image_animation=\u00a0\u00bbnone\u00a0\u00bb][vc_column column_padding=\u00a0\u00bbno-extra-padding\u00a0\u00bb column_padding_tablet=\u00a0\u00bbinherit\u00a0\u00bb column_padding_phone=\u00a0\u00bbinherit\u00a0\u00bb column_padding_position=\u00a0\u00bball\u00a0\u00bb background_color_opacity=\u00a0\u00bb1&Prime; background_hover_color_opacity=\u00a0\u00bb1&Prime; column_shadow=\u00a0\u00bbnone\u00a0\u00bb column_border_radius=\u00a0\u00bbnone\u00a0\u00bb column_link_target=\u00a0\u00bb_self\u00a0\u00bb gradient_direction=\u00a0\u00bbleft_to_right\u00a0\u00bb overlay_strength=\u00a0\u00bb0.3&Prime; width=\u00a0\u00bb1\/1&Prime; tablet_width_inherit=\u00a0\u00bbdefault\u00a0\u00bb tablet_text_alignment=\u00a0\u00bbdefault\u00a0\u00bb...","og_url":"https:\/\/rondeau-tristan.fr\/index.php\/cursus\/","og_site_name":"Tristan RONDEAU","article_modified_time":"2023-10-09T15:42:19+00:00","twitter_card":"summary_large_image","twitter_misc":{"Dur\u00e9e de lecture estim\u00e9e":"1 minute"},"schema":{"@context":"https:\/\/schema.org","@graph":[{"@type":"WebPage","@id":"https:\/\/rondeau-tristan.fr\/index.php\/cursus\/","url":"https:\/\/rondeau-tristan.fr\/index.php\/cursus\/","name":"Cursus - Tristan RONDEAU","isPartOf":{"@id":"https:\/\/rondeau-tristan.fr\/#website"},"datePublished":"2023-10-09T15:36:32+00:00","dateModified":"2023-10-09T15:42:19+00:00","breadcrumb":{"@id":"https:\/\/rondeau-tristan.fr\/index.php\/cursus\/#breadcrumb"},"inLanguage":"fr-FR","potentialAction":[{"@type":"ReadAction","target":["https:\/\/rondeau-tristan.fr\/index.php\/cursus\/"]}]},{"@type":"BreadcrumbList","@id":"https:\/\/rondeau-tristan.fr\/index.php\/cursus\/#breadcrumb","itemListElement":[{"@type":"ListItem","position":1,"name":"Accueil","item":"https:\/\/rondeau-tristan.fr\/"},{"@type":"ListItem","position":2,"name":"Cursus"}]},{"@type":"WebSite","@id":"https:\/\/rondeau-tristan.fr\/#website","url":"https:\/\/rondeau-tristan.fr\/","name":"Tristan RONDEAU","description":"","publisher":{"@id":"https:\/\/rondeau-tristan.fr\/#organization"},"potentialAction":[{"@type":"SearchAction","target":{"@type":"EntryPoint","urlTemplate":"https:\/\/rondeau-tristan.fr\/?s={search_term_string}"},"query-input":{"@type":"PropertyValueSpecification","valueRequired":true,"valueName":"search_term_string"}}],"inLanguage":"fr-FR"},{"@type":"Organization","@id":"https:\/\/rondeau-tristan.fr\/#organization","name":"Tristan RONDEAU","url":"https:\/\/rondeau-tristan.fr\/","logo":{"@type":"ImageObject","inLanguage":"fr-FR","@id":"https:\/\/rondeau-tristan.fr\/#\/schema\/logo\/image\/","url":"https:\/\/rondeau-tristan.fr\/wp-content\/uploads\/2021\/01\/tristan-ID2-scaled.jpg","contentUrl":"https:\/\/rondeau-tristan.fr\/wp-content\/uploads\/2021\/01\/tristan-ID2-scaled.jpg","width":1920,"height":2560,"caption":"Tristan RONDEAU"},"image":{"@id":"https:\/\/rondeau-tristan.fr\/#\/schema\/logo\/image\/"},"sameAs":["https:\/\/www.linkedin.com\/in\/tristan-rondeau-829343182\/"]}]}},"_links":{"self":[{"href":"https:\/\/rondeau-tristan.fr\/index.php\/wp-json\/wp\/v2\/pages\/553","targetHints":{"allow":["GET"]}}],"collection":[{"href":"https:\/\/rondeau-tristan.fr\/index.php\/wp-json\/wp\/v2\/pages"}],"about":[{"href":"https:\/\/rondeau-tristan.fr\/index.php\/wp-json\/wp\/v2\/types\/page"}],"author":[{"embeddable":true,"href":"https:\/\/rondeau-tristan.fr\/index.php\/wp-json\/wp\/v2\/users\/2"}],"replies":[{"embeddable":true,"href":"https:\/\/rondeau-tristan.fr\/index.php\/wp-json\/wp\/v2\/comments?post=553"}],"version-history":[{"count":6,"href":"https:\/\/rondeau-tristan.fr\/index.php\/wp-json\/wp\/v2\/pages\/553\/revisions"}],"predecessor-version":[{"id":571,"href":"https:\/\/rondeau-tristan.fr\/index.php\/wp-json\/wp\/v2\/pages\/553\/revisions\/571"}],"wp:attachment":[{"href":"https:\/\/rondeau-tristan.fr\/index.php\/wp-json\/wp\/v2\/media?parent=553"}],"curies":[{"name":"wp","href":"https:\/\/api.w.org\/{rel}","templated":true}]}}